ivisor of 39740 and 12820.
20
Calculate the highest common divisor of 18290 and 440789.
1829
What is the greatest common divisor of 25213 and 4356541?
1327
Calculate the highest common divisor of 30042 and 11.
1
Calculate the highest common divisor of 70540891 and 2854.
1427
What is the greatest common factor of 9346129 and 26429?
1391
Calculate the greatest common factor of 11573118 and 729.
243
Calculate the highest common divisor of 4687655 and 25795.
2345
What is the greatest common factor of 168875 and 345625?
875
What is the highest common divisor of 3060924 and 12?
12
Calculate the greatest common divisor of 4460 and 11780.
20
Calculate the highest common factor of 106833 and 267441.
717
What is the highest common divisor of 28481556 and 36?
12
Calculate the greatest common factor of 86292 and 69972.
204
What is the greatest common factor of 127182 and 56366442?
3102
Calculate the highest common factor of 17514389 and 569.
569
What is the greatest common factor of 60699557 and 41?
41
Calculate the greatest common factor of 21892992 and 44384.
2336
What is the greatest common factor of 3090744 and 152028?
1476
Calculate the highest common factor of 22621383 and 59799.
1929
What is the highest common factor of 1634580 and 7290?
810
What is the highest common divisor of 4523 and 731?
1
What is the highest common factor of 15023 and 93215?
181
Calculate the greatest common factor of 141391304 and 8.
8
Calculate the greatest common factor of 77 and 2701230.
7
Calculate the greatest common divisor of 88740 and 50251200.
1740
Calculate the greatest common divisor of 95135 and 100879.
359
Calculate the highest common divisor of 1104371 and 714.
17
Calculate the greatest common factor of 28 and 34088502.
14
Calculate the highest common factor of 15855 and 26849310.
2265
What is the highest common divisor of 1053847 and 1003?
17
What is the greatest common divisor of 121617 and 828?
9
What is the greatest common divisor of 28451949 and 570?
57
What is the highest common divisor of 25530 and 9730380?
690
Calculate the highest common divisor of 28783252 and 5053.
31
What is the highest common factor of 2203 and 382176440?
2203
What is the greatest common divisor of 2184381 and 918?
459
What is the highest common divisor of 9280 and 2892112?
464
What is the greatest common divisor of 850306 and 56762?
562
Calculate the highest common factor of 31229900 and 75.
25
What is the highest common factor of 412231417 and 2283?
761
Calculate the highest common divisor of 3906 and 1164492.
126
Calculate the greatest common divisor of 8782136 and 246928.
2024
What is the greatest common divisor of 3829987 and 637?
49
Calculate the highest common divisor of 39809 and 175.
7
Calculate the greatest common factor of 840 and 102795.
105
What is the highest common divisor of 1560286 and 60606?
182
Calculate the highest common factor of 50673125 and 5625.
625
Calculate the greatest common factor of 21077 and 287.
7
What is the highest common divisor of 233914308 and 24?
12
What is the greatest common factor of 120 and 7785324?
12
Calculate the highest common factor of 724529 and 1417.
13
What is the greatest common divisor of 124496 and 37448?
248
What is the highest common factor of 3225 and 10852813?
43
What is the greatest common divisor of 256575961 and 167?
167
Calculate the highest common factor of 164 and 5922778.
82
Calculate the greatest common factor of 12 and 2970978.
6
Calculate the greatest common divisor of 70590 and 6370.
130
What is the highest common factor of 30599 and 25637?
827
Calculate the greatest common divisor of 3573 and 4300559271.
3573
Calculate the highest common factor of 144 and 1334358.
18
Calculate the highest common factor of 5223744 and 5184.
1728
What is the highest common divisor of 4340028 and 336?
84
Calculate the highest common factor of 20771025 and 1485.
165
Calculate the greatest common factor of 36 and 2435040.
36
What is the highest common factor of 1036 and 96180?
28
Calculate the greatest common divisor of 59239544 and 364.
364
What is the greatest common factor of 163 and 11464?
1
Calculate the highest common divisor of 134861 and 20.
1
What is the highest common divisor of 95 and 151886969?
19
Calculate the highest common factor of 2412 and 1243246908.
804
Calculate the greatest common factor of 129593247 and 276.
69
Calculate the greatest common factor of 99 and 83204858.
11
What is the highest common divisor of 1703920 and 6375260?
7220
Calculate the highest common divisor of 385234804 and 76.
76
Calculate the highest common factor of 7708644 and 81.
9
Calculate the highest common factor of 49 and 131877669.
49
What is the greatest common divisor of 285 and 60930?
15
Calculate the highest common factor of 770564 and 13756.
76
Calculate the highest common factor of 31537154 and 3058.
3058
Calculate the greatest common divisor of 47583 and 119187.
153
What is the highest common divisor of 25296 and 809676?
204
What is the greatest common factor of 200194 and 597?
199
What is the greatest common divisor of 174954066 and 42?
42
What is the greatest common factor of 243396 and 3996?
36
Calculate the highest common factor of 738187 and 1065.
71
What is the greatest common divisor of 203985 and 211275?
135
What is the highest common divisor of 785127917 and 651?
217
What is the highest common factor of 67 and 69290395?
67
Calculate the highest common divisor of 5808 and 1131744.
48
What is the greatest common divisor of 345223 and 15652482?
3559
Calculate the greatest common factor of 277227096 and 483.
69
What is the highest common factor of 510825 and 5439?
147
What is the greatest common divisor of 156 and 14499238?
26
What is the greatest common factor of 892635 and 15?
15
What is the greatest common divisor of 3266 and 64637406?
3266
What is the highest common factor of 3782124 and 4464?
1116
What is the highest common factor of 21666240 and 729731?
7523
What is the greatest common divisor of 190416 and 88272?
48
What is the highest common divisor of 6361666 and 86?
2
Calculate the highest common factor of 632809 and 14297.
29
Calculate the greatest common factor of 9 and 8466168.
3
What is the greatest common factor of 9662130 and 40?
10
Calculate the greatest common factor of 43020 and 28397024.
956
What is the highest common divisor of 2337257 and 3260?
163
What is the highest common factor of 20860 and 9170?
70
Calculate the greatest common factor of 448977 and 1652061.
4359
Calculate the greatest common factor of 27 and 24666507.
9
What is the highest common divisor of 732832 and 13264?
16
What is the greatest common divisor of 853396 and 12?
4
Calculate the greatest common divisor of 204304 and 80.
16
Calculate the greatest common divisor of 737 and 837433.
67
Calculate the greatest common divisor of 1161123 and 5584.
349
Calculate the greatest common divisor of 13323495 and 48960.
255
Calculate the greatest common divisor of 252598 and 114384.
4766
Calculate the highest common factor of 68825725 and 25.
25
What is the highest common divisor of 156 and 657091734?
78
What is the greatest common divisor of 10825059 and 154?
7
Calculate the greatest common divisor of 982280 and 1014.
26
Calculate the greatest common factor of 13536 and 1179747.
423
What is the highest common divisor of 28 and 130387908?
28
What is the greatest common divisor of 3306 and 912009690?
3306
Calculate the highest common factor of 4307525 and 20425.
1075
Calculate the greatest common divisor of 330197 and 18361.
301
Calculate the greatest common factor of 1712421 and 3915.
783
What is the highest common divisor of 628 and 4213723?
157
Calculate the highest common divisor of 2487037509 and 11.
11
Calculate the highest common factor of 3298 and 354416.
34
What is the highest common factor of 7304 and 286931?
83
What is the greatest common divisor of 4493988 and 25596?
108
What is the highest common factor of 2318346 and 4218?
222
What is the highest common divisor of 190083695 and 830?
415
Calculate the highest common factor of 90 and 7163298.
18
What is the highest common factor of 129 and 124846888?
43
What is the greatest common divisor of 11795826 and 1932?
966
What is the greatest common factor of 389447860 and 20?
20
Calculate the